 Let r = h - -70. What is the remainder when -1*(r*31 - 3) is divided by 22?
21
Let c(u) = 46*u - 3. Suppose 0 = -4*z - 4, -9 = 4*g - 2*z - 3. Calculate the remainder when c(1) is divided by (-356)/(-16) - g/(-8).
21
Suppose 0 = 4*f - 2*v - 364, 22 + 75 = f + v. What is the remainder when 554 is divided by f?
89
Let n(f) = 286*f - 1595. Calculate the remainder when n(14) is divided by 19.
15
Suppose 4*i + 24 + 586 = 5*j, 3*j - 393 = -3*i. Let h = 216 - 200. What is the remainder when j is divided by h?
14
Let z(m) = 4*m + 32. Let f be z(-5). Suppose 2*v - f + 4 = 0. Suppose -h + 103 + 30 = s, -v*s + 3*h = -553. Calculate the remainder when s is divided by 35.
31
Suppose 5*h + 50 = -m, 4*m - 4*h - 139 = 7*m. Let i = 49 + m. What is the remainder when (12/(-15) + 3)*5 is divided by i?
3
Let m = 591 - 552. Let w = 26 - -25. Let c = w - m. Calculate the remainder when 45 is divided by c.
9
Let z be ((-2)/(-7) - (-207)/(-63)) + 28. Suppose -38 = -7*r + z. Calculate the remainder when 26 is divided by r.
8
Let j be (-8)/(-44) + (-12411)/77. Let z = 220 + j. What is the remainder when z is divided by 12?
11
Let n(q) = -3*q**3 - 11*q**2 - 3*q - 8. Suppose 2*t = 3*v + 167, -260 = -3*t + 5225*v - 5230*v. What is the remainder when n(-8) is divided by t?
83
Suppose -q - 33 = -134. Let l = 249 - q. What is the remainder when l is divided by 38?
34
Suppose -2*m + 3*z = 5*z - 1148, -m - 4*z + 580 = 0. Let r = -490 + m. Calculate the remainder when r is divided by (-2 - 0)/((-2)/22).
16
Let n(t) = t**2 + 37*t + 145. Let w = 237 + -270. What is the remainder when 155 is divided by n(w)?
12
Suppose -3*w + 48 = 9*w. What is the remainder when (348/9)/((-92)/(-69)) is divided by w?
1
Let a(t) = 81*t + 1148. What is the remainder when a(15) is divided by 14?
11
Let m = 72 + -56. Let x = -143 - -347. Suppose -5*k + x = q, 3*k + 3*q + 68 = 5*k. What is the remainder when k is divided by m?
8
Suppose w = 2*w + 1, 0 = -3*a - 3*w + 3. Calculate the remainder when 2455/85 + ((-2)/34)/(237/(-474)) is divided by (-16)/(1 + 0 - a).
13
Let o(c) = -c**2 - 70*c + 143. What is the remainder when o(-68) is divided by 180?
99
Let i(y) = -y - 7. Let v be i(-7). Suppose v = -4*m + 343 + 157. What is the remainder when m is divided by ((-1)/(-1) - -20)/(19 + -18)?
20
Calculate the remainder when 578 is divided by (4/11)/((-98)/(-12397)).
26
Suppose -93 + 63 = -6*k. Suppose 69 = k*p - 3*y + 7*y, 0 = y - 1. What is the remainder when 86 is divided by p?
8
Let a = 3 + 2. Suppose -c + 7 = -3*t, c - 5*t = a*c - 113. Let m = -1246 - -1254. Calculate the remainder when c is divided by m.
6
Suppose -5*y + 1195 = -5*k, 2*k = 6*y - y - 1204. What is the remainder when y is divided by 3 + ((-105)/5 - -49)?
25
Let l(q) = 13*q**2 - q - 5. Suppose 353*n = 3524 + 5654. What is the remainder when l(-4) is divided by n?
25
Let s(u) = u**3 + 5*u**2 + 24*u + 91. What is the remainder when 215 is divided by s(-3)?
30
Suppose -5*x - 2*b + 5 = -b, 0 = 2*b. Let f be 2*((9/(-6))/x)/3. Calculate the remainder when f/(-3) + 1120/6 is divided by 21.
19
Let w(k) = 18*k - 3. Suppose 8*s - 890 + 530 = 0. Suppose -s = -9*i + 171. What is the remainder when w(4) is divided by i?
21
Suppose -56*o + 51*o = -155. Suppose 2*h + 2*i = -h + o, 4*i + 4 = 0. Calculate the remainder when 43 is divided by h.
10
Let b = -4914 + 4930. Calculate the remainder when 2252 is divided by b.
12
Let o be ((-8)/3 + 2)*18. What is the remainder when o*-1*(-4)/(2 + -6) is divided by ((-18)/4)/((-6)/12)?
3
Suppose 5*u = 22*s - 25*s + 2418, 0 = 4*s + u - 3258. What is the remainder when s is divided by 158?
26
Let x(w) = 22*w**2 + w + 1. Let c be x(2). Suppose 4*v = 3*v - 72. Let g = c + v. What is the remainder when g is divided by 5?
4
Let i(n) be the third derivative of n**5/30 - n**4/12 + n**2. Let g = -1797 + 1795. What is the remainder when i(g) is divided by 5?
2
Let f(m) = -m - 3. Let y be f(-5). Let v(g) = -48 + 48*g**2 + 3*g**2 + 47 - y*g. What is the remainder when v(-1) is divided by 14?
10
What is the remainder when 985 is divided by 39 - 40*12/48?
28
Let p = 790 + -1162. Let n = p + 374. What is the remainder when 20 is divided by n?
0
Let t = -3790 - -6465. What is the remainder when t is divided by 26?
23
Let s = 5423 - 5051. What is the remainder when s is divided by 80?
52
Let k = 15922 + -14954. Calculate the remainder when k is divided by 117.
32
Let q(v) = v**3 + 37*v**2 + 198*v - 61. What is the remainder when q(-25) is divided by 96?
89
Let k(s) = 2*s**2 + 1. Let h be k(1). Suppose 4*f - 91 = -f + 3*o, f - h*o - 11 = 0. What is the remainder when (-8)/96 + (6643/84 - 0) is divided by f?
19
Calculate the remainder when 1563 is divided by ((-16872)/1554)/(4/(-70)).
43
Let s = -22617 - -23231. Calculate the remainder when s is divided by 166.
116
Suppose -167611 = -254*i + 153154 - 116549. Calculate the remainder when i is divided by 118.
96
Suppose 0 = 3*m - m - 82. Let w(b) = -49*b - 78. Suppose 7*v = 3*v + 3*h - 10, -v + 5*h + 6 = 0. Calculate the remainder when w(v) is divided by m.
36
Let l = -1266 + 1584. Calculate the remainder when l is divided by 21.
3
Let g = -18785 - -18841. What is the remainder when 586 is divided by g?
26
Suppose 54 = h - 3*z, -6*h + 4*h - 4*z + 88 = 0. Let v = 49 - 47. What is the remainder when h is divided by (48 + -2)/v + -4?
10
Suppose 5*x - 26*h + 25*h = 1893, -x = 3*h - 369. Calculate the remainder when x is divided by 162.
54
Let z = 311 + 57. What is the remainder when 33 is divided by 1564/z*((1 - -1) + 2)?
16
Suppose 68 = 4*l + 8. What is the remainder when (38 + (-31265)/(-666) - (-8)/(-18))*4 is divided by l?
8
Let q(g) = -g**3 - 12*g**2 + 89*g + 1050. Let x = 3 - -6. What is the remainder when x is divided by q(-9)?
3
Suppose -4*u = 16, -3*a - 406*u + 407*u = -21724. What is the remainder when a is divided by 69?
64
Suppose -346*u + 26909 = -30181. What is the remainder when 1343 is divided by u?
23
Suppose 9*z + 13925 - 14231 = 0. Calculate the remainder when 427 is divided by z.
19
Let j(q) = q + 9. Let o be j(-4). Suppose 0 = o*x - 67 - 13. Suppose 16*g = 2*g + 126. What is the remainder when x is divided by g?
7
Let c(x) = 21*x**2 + 9*x - 16. Let t be c(2). Suppose 0 = -2*w - t + 90. Calculate the remainder when w is divided by 1.
0
Let k be (-108)/(-20) - 2/5. Suppose k*p - 39 = 56. Suppose 21*q = 14*q + 245. What is the remainder when q is divided by p?
16
Suppose -60*v + 8855 = -1885. What is the remainder when 509 is divided by v?
151
Let x(u) = -11*u**2 + 11*u - 14. Let s be x(2). Let b = s - -66. What is the remainder when b is divided by (-2)/4 + 33/2?
14
What is the remainder when 942 is divided by (6/243*9 - 93/54)*-2?
0
Suppose 0 = 5*z + y - 128 + 47, -2*z = -3*y - 46. What is the remainder when 148 is divided by z?
12
Let k(x) = 7*x**2 + 177*x - 1825. What is the remainder when 1942 is divided by k(10)?
7
Let r(v) = 13*v**2 + 325*v + 1996. What is the remainder when r(-6) is divided by 208?
98
Suppose 4*t + 2 = 42. Suppose 4*l - 59 + 51 = 0. Suppose -l*o - 28 = -104. What is the remainder when o is divided by t?
8
Let i = -71 + 69. Let g be (66/(-5))/(i/(-10)). Let k = 75 + g. Calculate the remainder when k is divided by 6.
3
Let z = -102 + 110. Calculate the remainder when (150/z)/((-66)/(-176)) is divided by 17.
16
Let h = -11780 - -25259. What is the remainder when h is divided by 221?
219
Calculate the remainder when 1/2 + (-83)/(-2) is divided by -1*((-20)/110 + 0) - (-282)/22.
3
Suppose 6*f = q + 8*f + 22, -2 = f. What is the remainder when 39 is divided by 3 - 1 - (q - -6)/6?
3
Let n(o) = -o**2 - 16*o - 16. Let t be n(-13). Suppose -t*h = -9*h - 112. Suppose -2*s + 27 = -11. Calculate the remainder when s is divided by h.
3
Let a be (-38649)/(-45) + -5 - 10/(-75). Let b = 861 - a. What is the remainder when -1 - -7*(2 - -1) is divided by b?
6
Suppose -9*v + 14*v + 353 = -3*p, 5*p + v = -625. Let u = 130 + p. Calculate the remainder when 6 is divided by u.
2
Suppose 3*c - 12 = 0, -4*c + 55 = 72*j - 71*j. What is the remainder when 1058 is divided by j?
5
Let w(q) = -4*q**2 + 5. Let o be w(3). Let g = o - -52. Let u = -131 - -140. Calculate the remainder when g is divided by u.
3
Suppose f + 3 = 5*i - 27, -5*i + 50 = -5*f. What is the remainder whe